Suppose 9 = -0*i + b*i. Suppose -4*m - y - i = 3, y = 3*m + 1. Let q(p) = p + 1. Determine q(m).
0
Suppose 4*d = 4*b + 3*d + 9, -3*d + 3 = 0. Let s(u) = -6*u - 2. Determine s(b).
10
Let o be 2/5 + (-4)/10. Suppose 0 = -4*x - 3*s - 4, o = -0*x + 5*x + 2*s - 2. Let w(t) = -x*t + 4 + 6*t - t. What is w(-3)?
-5
Suppose 0 = -10*c + 15*c - 30. Let b(f) = f**3 - 7*f**2 + 5*f + 3. Give b(c).
-3
Let l(v) = -4*v + v**3 + 0 + 3 - 9 + 4 - 4*v**2. Determine l(5).
3
Let s(y) = 6 - 5*y - 17 + 12 - 9*y. Calculate s(1).
-13
Let k(w) = -3 - 2*w**2 - w**2 + 2 + w + 2*w**2. Give k(0).
-1
Let u(z) = -z - 4. Let w = 5 - 1. Suppose -3*l - 3*g = l, -4*g = -w*l. Let v be u(l). Let x(o) = o**3 + 5*o**2 + 5*o + 1. Determine x(v).
-3
Suppose -z - 20 = 3*j, -2*j + 3*z - 4 - 2 = 0. Let t = j + 5. Let f(r) = 2*r**2. Calculate f(t).
2
Suppose k - 1 = -a - 2, -4*a - 16 = 0. Let l be (k - (-3 - -3)) + 0. Let d(b) = -b**2 + 2*b + 4. Determine d(l).
1
Let s(g) = -g**2 + g + 5. Suppose 3 = -2*q - y, 3*y + 2 = -3*q - 7. Give s(q).
5
Let o = 11 + -8. Suppose -5*h + 7 = -o. Let u be (-2)/(0 - h) - -3. Let i(r) = r + 4. Give i(u).
8
Let k(y) = -7*y + 2. Let j be 6/2 - (-19 + 20). What is k(j)?
-12
Suppose 5*p - 8 = o, 15 - 3 = -4*o. Let m be (p - 0)/(2/18). Suppose 2*s + m = 3*x, -3*x + x + 5*s = -6. Let z(v) = -v**2 + 5*v + 3. Determine z(x).
9
Let n(d) be the first derivative of 5 + 1/3*d**3 + 7/2*d**2 + 4*d. Determine n(-6).
-2
Suppose -2 = w - 5. Let z(a) = -5 + 2 - w*a**2 - 2*a - a**3 - 1. What is z(-3)?
2
Let g = -127 - -200. Suppose c + 32 = -2*v + g, -c - 49 = -3*v. Let m(y) = 3 - v*y - 4 + 10*y. Give m(-1).
7
Let y(h) = h**2 - 5*h - 4. Suppose 14 = 2*l + 2. Let d be y(l). Let o(q) = q**2 - 2*q - 1. What is o(d)?
-1
Let x(u) = -u**2 - u + 5. Let p be x(-4). Let k = p + 10. Let g(t) = t - 2*t - 1 - 1. Give g(k).
-5
Let v(z) = z**3 + 2*z**2 - 2*z - 4. Let m(u) = -u**3 - 2*u**2 + u + 4. Let t(o) = -2*m(o) - 3*v(o). What is t(-3)?
1
Let o(t) = 15*t - 34*t + 9*t. Calculate o(-2).
20
Suppose 27 = -6*y + 3*y. Let d(f) = -f**2 + 2*f - 13. Let w(q) = -q + 6. Let u(x) = y*w(x) - 4*d(x). Let j(l) = -l**2 - l. Let i be j(1). Give u(i).
12
Let i = -8 + 2. Let x(s) = -s**2 - 6*s + 2. Calculate x(i).
2
Suppose 0 = 4*z + z + 5. Let j(d) = -2*d**3 + d + 1. Give j(z).
2
Let l(z) be the first derivative of -z**4/2 + z**2/2 + z + 1. Let d be (-1 - (-14)/10)/(8/40). Give l(d).
-13
Let p(a) = 8*a**3 + 3*a**2 - 5*a + 5. Let m(n) = -9 - 5*n**2 - 2*n + 0*n**3 + n + 10*n - 15*n**3. Let g(h) = 6*m(h) + 11*p(h). What is g(2)?
-5
Let p(a) = -a**3 + 4*a**2 + a - 2. Let w be p(4). Let b = w + 0. Suppose 0 = -7*s + 6*s + b. Let v(x) = 2*x - 2. What is v(s)?
2
Let y(c) = c**3 + 4*c**2 - 2*c - 8. Let p be y(-4). Let m(t) = t**3 - t**2 - t + 9. Calculate m(p).
9
Let b = 1 + 7. Let c(s) = -s**3 + 9*s**2 - 7*s - 6. Let l be c(b). Let x(f) = f**3 - 2*f**2 - 3*f + 3. Determine x(l).
-3
Let b(v) = 5*v**2 + 6*v - 4*v**2 - 3 - 2*v**2. Give b(7).
-10
Let h(w) = 2*w**3 + 3*w**2 + w + 1. Let b be h(-2). Let r(f) = f**3 + 6*f**2 + 7*f - 1. Determine r(b).
-11
Let u(f) = 2*f**2 - 3*f**2 - 5 + 4*f + 5*f - f**3 + 8*f**2. Let z be u(8). Let x(m) = -m**3 + 3*m**2 + 2*m - 3. Give x(z).
3
Let r(z) = 2*z + 22. Let u be r(-11). Suppose 5*j + 3*h - 2*h + 19 = u, 5*j + 18 = -2*h. Let y(a) = -2*a + 3. Calculate y(j).
11
Suppose 5*a = 4 + 16. Let m = 1 + 2. Let z(x) = 5 + m*x - 4*x**2 + 4*x**2 - x**2. What is z(a)?
1
Let p be (-1 + 0)/(-1) + 3. Let s(a) = 4 + 1 - 2 + 4*a. Let q(k) = -k + 1. Let j(f) = 5*q(f) + s(f). Calculate j(p).
4
Let x = 4 + 0. Let a(f) = -3*f + 1 - f - x*f + 5*f. Give a(4).
-11
Suppose -i - i = 4*o - 18, -4*o = 3*i - 23. Suppose 5*a - 19 - 6 = 0, 5*n = -o*a - 40. Let j be n/6 - 8/(-12). Let r(t) = -8*t - 1. Determine r(j).
7
Suppose p + 2*p = a - 7, -9 = -3*p - 3*a. Let i(j) = 5*j**2 + j. Give i(p).
4
Let o(n) = -n + 1. Let g be o(4). Let l(t) = 11*t. Suppose 5*j - 10 = 2*r + 9, -2*r - 4 = 0. Let h(p) = 4*p. Let y(u) = j*l(u) - 8*h(u). Determine y(g).
-3
Let b(w) = -w**3 + 8*w**2 - 7*w + 3. Let f be 3 + ((-11)/(11/(-6)) - 2). Determine b(f).
3
Let w(z) = -121 + 53 - z**3 + 6*z - 6*z**2 + 61. Let n(x) = -5*x + 3. Let l be n(2). Let o be w(l). Let f(c) = -c + 3. Calculate f(o).
3
Suppose -n = -4*k + 9*k + 14, 5*k = -20. Let x(f) = -f**2 + 6*f - 5. Give x(n).
-5
Let d be ((-10)/8)/((-4)/16). Let z(o) = 5 - d + 2*o. What is z(-3)?
-6
Let u = 6 + 10. Let d be u/(-56) + 5/(-7). Let m(i) = -2*i**3 - i**2 + i + 1. Give m(d).
1
Suppose 0 = d + 1 - 3. Let x(k) be the second derivative of k**d - 1/6*k**3 + 2*k + 0. Determine x(2).
0
Let q = -19 + 13. Let a = q + 5. Let h(d) = 6*d**2 + d**2 + 2*d**3 + d**3 - 6*d**2. What is h(a)?
-2
Let m(q) be the second derivative of -q**4/12 - q**3/6 - 3*q**2/2 - 6*q. Determine m(-3).
-9
Let m(f) = 15*f - 6*f**2 + 1 + 22*f - 39*f. Calculate m(1).
-7
Let y(c) = 8*c**2 + c + 2 + c**3 + 0*c**2 + 6. Let u be y(-8). Let h(n) = -n. What is h(u)?
0
Let j(z) = 3*z**3 + 7*z**2 + 5*z + 6. Let f(l) = 7*l**3 + 15*l**2 + 10*l + 12. Let r(b) = 2*f(b) - 5*j(b). Calculate r(-4).
-2
Let z(t) = 126 - t**3 + 2*t**2 - 6*t**2 - 130 + 3*t. Let x be (4/(-2))/((-2)/(-5)). Calculate z(x).
6
Suppose 0 = u + 3*u - 12. Let l(h) be the first derivative of -h + 4 - 2*h - 2 - h + h**2. Give l(u).
2
Let p(i) = -i**2 + i + 2. Suppose 12 + 33 = 9*k. Calculate p(k).
-18
Let r(v) = v**3 + 7*v**2 + 8*v - 12. Let g be r(-4). Let i(p) = -p**3 + 5*p**2 - 5*p + 1. Calculate i(g).
-3
Let k be (-3 + 4)*3 - 7. Let p(y) = -1 - 60*y + 61*y - 4. Give p(k).
-9
Suppose -h = 5*i - 26, 9 = 3*h + 5*i - 19. Let t = 1 - h. Let a(n) = 0 + t - 1 + 4*n. Give a(1).
3
Let u(d) be the first derivative of 3 + 3/2*d**2 - 4*d - 1/4*d**4 - d**3. Suppose -4*r + 6*r = 5*a + 30, 4*a + 3*r + 1 = 0. Determine u(a).
0
Let v be 2/(((-9)/(-6))/3). Let q(n) = 1 + n - 3*n + 3*n - 4*n. Determine q(v).
-11
Let g(y) = y**2 + 5*y - 3. Let x(w) = 2*w - 8. Let d(i) = 3*i - 7. Let k(z) = -3*d(z) + 4*x(z). Let r be k(-5). Determine g(r).
3
Let t(l) = l. Let u be t(-2). Let q(g) = -2*g**3 - 3*g**2 + 1. Let c be q(u). Let s(k) = k**2 - 3*k - 1. Determine s(c).
9
Let i = 5 - 1. Let d(j) = 2 - 3*j**2 + 3*j**3 - 6*j**3 + i*j**3. Suppose -u - 13 = -4*h + 5, 0 = 3*u + h - 11. What is d(u)?
-2
Suppose 0*t - 3*t - 72 = 3*b, -3*t = 2*b + 74. Let o be 3/(-15) - t/5. Let z(w) = -w**3 + 4*w**2 + 6*w - 7. Give z(o).
-2
Let m be ((-90)/(-12))/((-9)/(-12)). Let h(f) = -m*f - 7*f + 16*f. Determine h(-2).
2
Let h(r) = -r + 15. Let p be h(12). Suppose s = p*s - 12. Let b(o) = o - 7. Calculate b(s).
-1
Let w(k) = -1. Suppose 0 = 2*o - 0 + 2. Let m(a) be the second derivative of a**4/12 - a**3/6 + 2*a**2 - a. Let l(h) = o*m(h) - w(h). What is l(0)?
-3
Suppose 3 = -2*z + 1, 6 = -2*b - 4*z. Let x be 6 + (b - -2)*-1. Let p(f) be the first derivative of f**3/3 - 3*f**2 - f + 2. Determine p(x).
-6
Let x(a) = -5*a**2 - 5*a - 7. Let u(h) = -3*h**2 - 3*h - 4. Let w(r) = 7*u(r) - 4*x(r). Suppose 9 = 3*q + 3. Calculate w(q).
-6
Let m(s) be the third derivative of -s**3/6 - 2*s**2. Let f(h) = h - 2. Let i(n) = f(n) - 6*m(n). Give i(-3).
1
Let k = -2 + 4. Suppose -4*y = -k*s + 6, -6 = 4*y - 5*s - 3. Let t(z) = -3*z + 1. Calculate t(y).
7
Suppose -2*h + 96 = 3*m, -2*m + 69 = 4*h + 5. Suppose 2*o - 3 = -4*l + 15, l - m = -3*o. Let s = -15 + o. Let q(a) = a**3 + 5*a**2 + 4*a + 3. Calculate q(s).
3
Let q(b) be the second derivative of -b**4/4 - b**3/6 + 2*b**2 - 4*b. Give q(3).
-26
Let j(v) be the first derivative of -v**6/360 + v**5/24 - v**4/24 + v**3/3 + 5. Let r(q) be the third derivative of j(q). Determine r(5).
-1
Let a(x) = x + 5 - 8 - 1 - x**2. Determine a(3).
-10
Suppose 0 = -4*y + 16. Let u(d) = d**2 + d + 0*d**2 + y - 2*d**2 - 4*d. Calculate u(-4).
0
Suppose -g = 5*v + 9, -5*g = 2*v - 7*v + 15. Let b be -3 - -1*(-2)/v. Let h(z) = -6*z - 1. Give h(b).
5
Let b(g) = g**2 - 5*g + 2. Suppose 0 = 2*c - 67 + 17. Let a = c - 68. Let k be 2/9 - a/9. Determine b(k).
2
Suppose -2*k - 25 = -4*g - 7*k, 5 = 5*g + k. Suppose a + 5 = 2*b - 1, 3*a - 12 = g. Let v(r) = r**2 - 5*r - 6. Give v(b).
-6
Let d(b) = b**2 - b. Let f(g) = -2*g + 1. Let v be f(1). Let a be (-16)/(-4)*v/2. Determine d(a).
6
Let k(r) be the first derivative of -2*r**3 + r - 2. Let n(y) = -y + 2. Let z be n(2). Let t = 1 - z. What is k